 what is 2 + -1211?
-1208
In base 4, what is -1013 + 12?
-1001
In base 2, what is 10 + 10000?
10010
In base 7, what is -11 + -6?
-20
In base 12, what is 6 + -a74?
-a6a
In base 11, what is -4 - -377?
373
In base 3, what is 111020 + 0?
111020
In base 2, what is 101 + 1101101010?
1101101111
In base 3, what is -20 + 12020?
12000
In base 3, what is -11 - 122111?
-122122
In base 12, what is 2 + 4?
6
In base 11, what is 11 - 68?
-57
In base 13, what is 0 - 5?
-5
In base 4, what is 10 - 220110?
-220100
In base 15, what is -2 - 3e7?
-3e9
In base 7, what is 62 + 0?
62
In base 10, what is -124 - -4?
-120
In base 16, what is -1 - -9e?
9d
In base 16, what is -1 + -88?
-89
In base 14, what is -5 - -b6d?
b68
In base 3, what is -201 - -110?
-21
In base 4, what is -2 + -10111?
-10113
In base 7, what is -20 + 30?
10
In base 10, what is 5 + -9?
-4
In base 16, what is 3f - -18?
57
In base 15, what is 3 + -36?
-33
In base 12, what is 20 + -2?
1a
In base 12, what is 4 - 96?
-92
In base 2, what is -101 + 1001?
100
In base 7, what is 54 + 65?
152
In base 8, what is 14 + 101?
115
In base 16, what is 2 - -3d?
3f
In base 9, what is 358 + -16?
342
In base 14, what is -4 - -485?
481
In base 5, what is -23302 + -10?
-23312
In base 8, what is 225 + -121?
104
In base 3, what is 122 - 1?
121
In base 14, what is 15 - 4?
11
In base 12, what is -14 + 9?
-7
In base 2, what is -101011 + 11010010?
10100111
In base 13, what is c4 + 7?
cb
In base 11, what is -15 + -2?
-17
In base 15, what is -57e + 1?
-57d
In base 14, what is 65 + 9?
70
In base 7, what is -446 - -35?
-411
In base 3, what is -1 - 1022?
-1100
In base 12, what is 1 + 1083?
1084
In base 16, what is e4dc - -4?
e4e0
In base 12, what is -19b4 - 3?
-19b7
In base 3, what is 120 + 12?
202
In base 3, what is 11001 - 201?
10100
In base 4, what is 22 + -3103?
-3021
In base 11, what is -2 + 87?
85
In base 15, what is -57 - -1?
-56
In base 15, what is -27 - 3?
-2a
In base 7, what is 0 + -11565?
-11565
In base 4, what is -32311 - -3?
-32302
In base 10, what is -214 + -3?
-217
In base 8, what is -4 - 5?
-11
In base 15, what is -6 + 6?
0
In base 14, what is 4 + 1055?
1059
In base 3, what is 100120 + 11?
100201
In base 14, what is 2 + a9?
ab
In base 10, what is -4 + 19?
15
In base 8, what is -4 + -105?
-111
In base 12, what is 5 - 101?
-b8
In base 15, what is 9 - -156?
160
In base 11, what is 2 - -26?
28
In base 4, what is -2 + 1332?
1330
In base 13, what is 37 - -5?
3c
In base 14, what is -a - -2?
-8
In base 7, what is -661 + 5?
-653
In base 2, what is -11011 - -1000100?
101001
In base 9, what is -55 - -2?
-53
In base 12, what is -4 + -12?
-16
In base 2, what is 111010 + 10100?
1001110
In base 2, what is 100001101 + 101?
100010010
In base 11, what is -6 - 42?
-48
In base 16, what is -37a - -5?
-375
In base 2, what is 1001 + 1000?
10001
In base 16, what is 9f6 + 2?
9f8
In base 12, what is 2aa - -2?
2b0
In base 15, what is -1 - -97?
96
In base 15, what is -3 - -33?
30
In base 7, what is -131 - -3?
-125
In base 12, what is -5a4 - -5?
-59b
In base 3, what is -2020 + -11020?
-20110
In base 3, what is -121001 + -10?
-121011
In base 13, what is -31b - 1?
-31c
In base 12, what is -b + -313?
-322
In base 8, what is 4 - -3347?
3353
In base 9, what is -224 + 2?
-222
In base 11, what is -9 + -a57?
-a65
In base 14, what is 1d6 + -5?
1d1
In base 9, what is -2 + -515?
-517
In base 14, what is 1500 - -3?
1503
In base 4, what is -3323023 + -1?
-3323030
In base 8, what is -14071 + 0?
-14071
In base 13, what is 5c1 - 4?
5ba
In base 4, what is 1130 - -2?
1132
In base 9, what is -83 - 150?
-243
In base 16, what is 590 + -1?
58f
In base 4, what is 2312 - 103?
2203
In base 7, what is 1060 - -2?
1062
In base 10, what is 297 + -5?
292
In base 2, what is -11 - 1000101?
-1001000
In base 5, what is -14403 + -31?
-14434
In base 14, what is 6a2 - 3?
69d
In base 7, what is 54 - 652?
-565
In base 12, what is -144 - 4?
-148
In base 5, what is -2 - 32244?
-32301
In base 13, what is 34 - -41?
75
In base 16, what is -3 + -387?
-38a
In base 11, what is 6 + 99?
a4
In base 12, what is -5 - -1288?
1283
In base 13, what is 16 - 0?
16
In base 14, what is -2 - -d?
b
In base 14, what is 18 + -29?
-11
In base 10, what is 126 - 80?
46
In base 11, what is 720 - 1?
71a
In base 14, what is -5 - 13b?
-142
In base 2, what is 101010100 + -101?
101001111
In base 2, what is -100110101100 - 10?
-100110101110
In base 2, what is 101101111100010 + 10?
101101111100100
In base 7, what is 0 + 1023?
1023
In base 14, what is -2c + -30?
-5c
In base 16, what is 4 + -99?
-95
In base 11, what is 54 - -123?
177
In base 11, what is -22 - 1?
-23
In base 2, what is -11001 - 1001111?
-1101000
In base 8, what is 10 + -124?
-114
In base 13, what is 5 + 84?
89
In base 15, what is -109 + -4?
-10d
In base 7, what is 3 - 13?
-10
In base 15, what is 6 + 18?
1e
In base 7, what is 3 + 222?
225
In base 11, what is -4 + 245?
241
In base 5, what is 10432 + 11?
10443
In base 6, what is -25 - 1323?
-1352
In base 13, what is 2 - -1b?
20
In base 2, what is 10011010 + -100?
10010110
In base 9, what is -4157 - 0?
-4157
In base 3, what is 20 - -112222?
120012
In base 3, what is -121001 - -2?
-120222
In base 6, what is 1 - 12?
-11
In base 13, what is -103 + -3?
-106
In base 2, what is -11111100010 + 100?
-11111011110
In base 3, what is 100 + 2200221?
2201021
In base 7, what is 1 + 60?
61
In base 8, what is 234 - -6?
242
In base 4, what is 103 + -123?
-20
In base 16, what is 0 + 132?
132
In base 3, what is 22200 - 1?
22122
In base 3, what is -22102 - -1?
-22101
In base 16, what is -4d4 - -6?
-4ce
In base 12, what is -1 - -24?
23
In base 6, what is -105 - -501?
352
In base 3, what is 10202100 - -12?
10202112
In base 9, what is 51 + 5?
56
In base 6, what is 500 - 105?
351
In base 15, what is -3c + 38?
-4
In base 11, what is -5 - -1093?
1089
In base 4, what is 1223203 + -1?
1223202
In base 14, what is -2a2 + -5?
-2a7
In base 16, what is -2f + 1a?
-15
In base 8, what is -4 - -107?
103
In base 5, what is -313 - -22?
-241
In base 16, what is 76a + -4?
766
In base 12, what is -3 + -62?
-65
In base 3, what is 2 - 101201001?
-101200222
In base 3, what is -2010 - 0?
-2010
In base 4, what is -3 + -1311?
-1320
In base 15, what is c2 - 4?
bd
In base 5, what is -222412 - -2?
-222410
In base 14, what is -1abb5 - 4?
-1abb9
In base 5, what is 10 - -232?
242
In base 4, what is -2021 + -10?
-2031
In base 2, what is 1001100010 - 0?
1001100010
In base 5, what is 3014102 - -3?
3014110
In base 8, what is 330 - -70?
420
In base 5, what is 4 + -100133?
-100124
In base 12, what is 25a - -2?
260
In base 2, what is -110 + -110111?
-111101
In base 3, what is 1112000220 + -10?
1112000210
In base 16, what is 9 + 571?
57a
In base 6, what is 0 + 12?
12
In base 2, what is -10110 + -101?
-11011
In base 5, what is -21 + -10?
-31
In base 4, what is 33 - 10?
23
In base 14, what is -5 - 32?
-37
In base 10, what is 2 - -97?
99
In base 8, what is -5 - 2751?
-2756
In base 7, what is -1 - 131?
-132
In base 11, what is 58 - -4?
61
In base 15, what is -bad + 0?
-bad
In base 2, what is -11 - 1110100100?
-1110100111
In base 5, what is 4 + 3301?
3310
In base 7, what is 32 + 114?
146
In base 9, what is -3 - 15?
-18
In base 8, what is -32 + 6?
-24
In base 11, what is 32 + 8?
3a
In base 4, what is 31 - 200?
-103
In base 7, what is 36 - -443?
512
In base 14, what is -a8b - 2?
-a8d
In base 2, what is -10101000 + -11?
-10101011
In base 13, what is -1 - a?
-b
In base 2, what is 11 - 100001111?
-100001100
In base 10, what is -11 + -18?
-29
In base 9, what is 4 + -3?
1
In base 4, what is 0 - -120?
120
In base 9, what is 6 + -27?
-21
In base 10, what is -5 - 581?
-586
In base 15, what is -121 + b?
-115
In base 5, what is 2322 + -4?
2313
In base 15, what is -11d + 3?
-11a
In base 12, what is 41a + -5?
415
In base 14, what is -2 + 12?
10
In base 13, what is -15 + 30?
18
In base 3, what is -222102 - 21?
-222200
In base 8, what is 5 - 7124?
-7117
In base 15, what is 1 - -6?
7
In base 9, what is 1 + 400?
401
In base 16, what is ee - 2?
ec
In base 7, what is 236 + -25?
211
In base 5, what is -14 + 20331?
20312
In base 11, what is -1 - 130?
-131
In base 10, what is 3 + 1207?
1210
In base 8, what is -3 + -4156?
-4161
In base 10, what is 29 - -23?
52
In base 15, what is 2d + 29?
57
In b